{"id":2277,"date":"2023-10-18T08:05:31","date_gmt":"2023-10-18T08:05:31","guid":{"rendered":"https:\/\/cjk.nn-digital.de\/?page_id=2277"},"modified":"2023-11-03T11:29:50","modified_gmt":"2023-11-03T11:29:50","slug":"pokalsieger","status":"publish","type":"page","link":"https:\/\/cjk.nn-digital.de\/index.php\/pokalsieger\/","title":{"rendered":"Pokalsieger"},"content":{"rendered":"<p>[et_pb_section fb_built=&#8220;1&#8243; fullwidth=&#8220;on&#8220; next_background_color=&#8220;#ffffff&#8220; admin_label=&#8220;Header&#8220; _builder_version=&#8220;4.20.4&#8243; background_color=&#8220;#FFFFFF&#8220; background_enable_image=&#8220;off&#8220; parallax=&#8220;on&#8220; custom_padding=&#8220;0px|0|0px|0px|false|false&#8220; bottom_divider_style=&#8220;mountains&#8220; bottom_divider_height=&#8220;70px&#8220; locked=&#8220;off&#8220; global_colors_info=&#8220;{}&#8220;][et_pb_fullwidth_header title=&#8220;Statistik der Pokalsieger &#8220; text_orientation=&#8220;center&#8220; background_overlay_color=&#8220;rgba(83,90,128,0.3)&#8220; content_max_width=&#8220;90%&#8220; _builder_version=&#8220;4.20.4&#8243; title_font=&#8220;Amiko|700|||||||&#8220; title_text_align=&#8220;center&#8220; title_font_size=&#8220;70px&#8220; title_line_height=&#8220;1.1em&#8220; content_font=&#8220;Noto Sans||||||||&#8220; content_line_height=&#8220;2em&#8220; subhead_font=&#8220;Noto Sans||||||||&#8220; subhead_text_align=&#8220;center&#8220; subhead_font_size=&#8220;30px&#8220; subhead_line_height=&#8220;2em&#8220; background_color=&#8220;#FFFFFF&#8220; background_image=&#8220;https:\/\/cjk.nn-digital.de\/wp-content\/uploads\/2023\/10\/2pexels-rdne-stock-project-7005627.jpg&#8220; custom_button_one=&#8220;on&#8220; button_one_text_size=&#8220;17px&#8220; button_one_text_color=&#8220;#ffffff&#8220; button_one_bg_color=&#8220;#ff6b5a&#8220; button_one_border_width=&#8220;7px&#8220; button_one_border_color=&#8220;#ff6b5a&#8220; button_one_border_radius=&#8220;100px&#8220; button_one_font=&#8220;Noto Sans|700||on|||||&#8220; button_one_use_icon=&#8220;off&#8220; custom_margin=&#8220;|||&#8220; custom_padding=&#8220;110px||110px||true&#8220; custom_padding_tablet=&#8220;100px|||&#8220; custom_padding_phone=&#8220;&#8220; custom_padding_last_edited=&#8220;on|phone&#8220; animation_style=&#8220;fade&#8220; animation_direction=&#8220;top&#8220; title_font_size_tablet=&#8220;40px&#8220; title_font_size_phone=&#8220;&#8220; title_font_size_last_edited=&#8220;on|tablet&#8220; subhead_font_size_tablet=&#8220;&#8220; subhead_font_size_phone=&#8220;20px&#8220; subhead_font_size_last_edited=&#8220;on|desktop&#8220; subhead_line_height_tablet=&#8220;&#8220; subhead_line_height_phone=&#8220;1.5em&#8220; subhead_line_height_last_edited=&#8220;on|phone&#8220; button_one_text_color_hover=&#8220;#ffffff&#8220; button_one_border_color_hover=&#8220;#ff9e59&#8243; button_one_border_radius_hover=&#8220;100px&#8220; button_one_bg_color_hover=&#8220;#ff9e59&#8243; global_colors_info=&#8220;{}&#8220; button_one_text_size__hover_enabled=&#8220;off&#8220; button_two_text_size__hover_enabled=&#8220;off&#8220; button_one_text_color__hover_enabled=&#8220;on&#8220; button_one_text_color__hover=&#8220;#ffffff&#8220; button_two_text_color__hover_enabled=&#8220;off&#8220; button_one_border_width__hover_enabled=&#8220;off&#8220; button_two_border_width__hover_enabled=&#8220;off&#8220; button_one_border_color__hover_enabled=&#8220;on&#8220; button_one_border_color__hover=&#8220;#ff9e59&#8243; button_two_border_color__hover_enabled=&#8220;off&#8220; button_one_border_radius__hover_enabled=&#8220;on&#8220; button_one_border_radius__hover=&#8220;100px&#8220; button_two_border_radius__hover_enabled=&#8220;off&#8220; button_one_letter_spacing__hover_enabled=&#8220;off&#8220; button_two_letter_spacing__hover_enabled=&#8220;off&#8220; button_one_bg_color__hover_enabled=&#8220;on&#8220; button_one_bg_color__hover=&#8220;#ff9e59&#8243; button_two_bg_color__hover_enabled=&#8220;off&#8220;][\/et_pb_fullwidth_header][\/et_pb_section][et_pb_section fb_built=&#8220;1&#8243; prev_background_color=&#8220;#FFFFFF&#8220; _builder_version=&#8220;4.20.4&#8243; _module_preset=&#8220;default&#8220; custom_margin=&#8220;0px||||false|false&#8220; custom_padding=&#8220;||31px||false|false&#8220; top_divider_style=&#8220;mountains&#8220; global_colors_info=&#8220;{}&#8220;][et_pb_row _builder_version=&#8220;4.20.4&#8243; _module_preset=&#8220;default&#8220; global_colors_info=&#8220;{}&#8220;][et_pb_column type=&#8220;4_4&#8243; _builder_version=&#8220;4.20.4&#8243; _module_preset=&#8220;default&#8220; global_colors_info=&#8220;{}&#8220;][et_pb_text _builder_version=&#8220;4.20.4&#8243; _module_preset=&#8220;default&#8220; global_colors_info=&#8220;{}&#8220;]<\/p>\n<p>Erste Pl\u00e4tze der V\u00f6lkerball- und Fu\u00dfballturniere seit 1997.<\/p>\n<table id=\"tablepress-1\" class=\"tablepress tablepress-id-1 dataTable no-footer\">\n<caption><\/caption>\n<\/table>\n<p>&nbsp;<\/p>\n<div id=\"tablepress-1_wrapper\" class=\"dataTables_wrapper no-footer\">\n<table id=\"tablepress-1\" class=\"tablepress tablepress-id-1 dataTable no-footer\">\n<thead>\n<tr class=\"row-1 odd\">\n<th class=\"column-1 sorting_disabled\" rowspan=\"1\" colspan=\"1\">Jahr<\/th>\n<th class=\"column-2 sorting_disabled\" rowspan=\"1\" colspan=\"1\">Fu\u00dfball-Pokal Sieger<\/th>\n<th class=\"column-3 sorting_disabled\" rowspan=\"1\" colspan=\"1\">V\u00f6lkerball-Pokal Siegerinnen<\/th>\n<\/tr>\n<\/thead>\n<tbody>\n<tr class=\"row-2 even\">\n<td class=\"column-1\">2022<\/td>\n<td class=\"column-2\">Bikinibottoms<\/td>\n<td class=\"column-3\">Dinner for Seven<\/td>\n<\/tr>\n<tr class=\"row-3 odd\">\n<td class=\"column-1\">2019<\/td>\n<td class=\"column-2\">Die Kreativlosen<br \/>(zweit\u00e4lteste Jungen)<\/td>\n<td class=\"column-3\">Fake News<br \/>(zweit\u00e4lteste M\u00e4dchen)<\/td>\n<\/tr>\n<tr class=\"row-4 even\">\n<td class=\"column-1\">2018<\/td>\n<td class=\"column-2\">Bizeps B******<br \/>(zweit\u00e4lteste Jungen)<\/td>\n<td class=\"column-3\">The Final Countdown<br \/>(\u00e4lteste M\u00e4dchen)<\/td>\n<\/tr>\n<tr class=\"row-5 odd\">\n<td class=\"column-1\">2017<\/td>\n<td class=\"column-2\">007 Spectrekul\u00e4r (\u00e4lteste Jungen)<\/td>\n<td class=\"column-3\">Die Tribute von CJK (\u00e4lteste M\u00e4dchen)<\/td>\n<\/tr>\n<tr class=\"row-6 even\">\n<td class=\"column-1\">2016<\/td>\n<td class=\"column-2\">Heinrich Potter und die 7 Horkruxe (\u00e4lteste Jungen)<\/td>\n<td class=\"column-3\">Hufflepuffs (\u00e4lteste M\u00e4dchen)<\/td>\n<\/tr>\n<tr class=\"row-7 odd\">\n<td class=\"column-1\">2015<\/td>\n<td class=\"column-2\">Die Liga der au\u00dfergew\u00f6hnlichen Gentelmens (\u00e4lteste Jungen)<\/td>\n<td class=\"column-3\">Naschkatzen (\u00e4lteste M\u00e4dchen)<\/td>\n<\/tr>\n<tr class=\"row-8 even\">\n<td class=\"column-1\">2014<\/td>\n<td class=\"column-2\">Expendebals (\u00e4lteste Jungen)<\/td>\n<td class=\"column-3\">Crazy Big Mamas (\u00e4lteste M\u00e4dchen)<\/td>\n<\/tr>\n<tr class=\"row-9 odd\">\n<td class=\"column-1\">2013<\/td>\n<td class=\"column-2\">Red Devils (zweit\u00e4lteste Jungen)<\/td>\n<td class=\"column-3\"># YOLO SWAGER (zweit\u00e4lteste M\u00e4dchen)<\/td>\n<\/tr>\n<tr class=\"row-10 even\">\n<td class=\"column-1\">2012<\/td>\n<td class=\"column-2\">Das Dreamteam (zweit\u00e4lteste Jungen)<\/td>\n<td class=\"column-3\">Die Knallfr\u00f6sche (\u00e4lteste M\u00e4dchen)<\/td>\n<\/tr>\n<tr class=\"row-11 odd\">\n<td class=\"column-1\">2011<\/td>\n<td class=\"column-2\">Red Bulls (\u00e4lteste Jungen)<\/td>\n<td class=\"column-3\">Golden Oldies (\u00e4lteste Gruppe)<\/td>\n<\/tr>\n<tr class=\"row-12 even\">\n<td class=\"column-1\">2010<\/td>\n<td class=\"column-2\">Blaum\u00e4nner (\u00e4lteste Jungen)<\/td>\n<td class=\"column-3\">Esthers Zoo (\u00e4lteste M\u00e4dchen)<\/td>\n<\/tr>\n<tr class=\"row-13 odd\">\n<td class=\"column-1\">2009<\/td>\n<td class=\"column-2\">1.FC Pavian (zweit\u00e4lteste Jungen)<\/td>\n<td class=\"column-3\">Tarzinen (zweit\u00e4lteste M\u00e4dchen)<\/td>\n<\/tr>\n<tr class=\"row-14 even\">\n<td class=\"column-1\">2008<\/td>\n<td class=\"column-2\">Satz mit X (zweit\u00e4lteste Jungen)<\/td>\n<td class=\"column-3\">Zaubertr\u00e4nke (j\u00fcngste M\u00e4dchen)<\/td>\n<\/tr>\n<tr class=\"row-15 odd\">\n<td class=\"column-1\">2007<\/td>\n<td class=\"column-2\">Die Oldies (\u00e4lteste Jungen)<\/td>\n<td class=\"column-3\">Aloha Bamboocha (zweit\u00e4lteste M\u00e4dchen)<\/td>\n<\/tr>\n<tr class=\"row-16 even\">\n<td class=\"column-1\">2006<\/td>\n<td class=\"column-2\">Die Fruchttiger (\u00e4lteste Jungen)<\/td>\n<td class=\"column-3\">Pink Panthers (\u00e4lteste M\u00e4dchen)<\/td>\n<\/tr>\n<tr class=\"row-17 odd\">\n<td class=\"column-1\">2005<\/td>\n<td class=\"column-2\">Irgend so&#8217;n Schei\u00df (\u00e4lteste Jungen)<\/td>\n<td class=\"column-3\">Front-No-Street-Girls (zweit\u00e4lteste M\u00e4dchen)<\/td>\n<\/tr>\n<tr class=\"row-18 even\">\n<td class=\"column-1\">2004<\/td>\n<td class=\"column-2\">Gabber Gammler (\u00e4lteste Jungen)<\/td>\n<td class=\"column-3\">10 Engel f\u00fcr Marcel (zweit\u00e4lteste M\u00e4dchen)<\/td>\n<\/tr>\n<tr class=\"row-19 odd\">\n<td class=\"column-1\">2003<\/td>\n<td class=\"column-2\">Dackelclub (\u00e4lteste Jungen)<\/td>\n<td class=\"column-3\">HipTeens (zweit\u00e4lteste M\u00e4dchen)<\/td>\n<\/tr>\n<tr class=\"row-20 even\">\n<td class=\"column-1\">2002<\/td>\n<td class=\"column-2\">Familie Proll (\u00e4lteste Jungen)<\/td>\n<td class=\"column-3\">Al(l) Di(e) (\u00e4lteste M\u00e4dchen)<\/td>\n<\/tr>\n<tr class=\"row-21 odd\">\n<td class=\"column-1\">2001<\/td>\n<td class=\"column-2\">No Angels (zweit\u00e4lteste Jungen)<\/td>\n<td class=\"column-3\">Die Popk\u00f6rner (\u00e4lteste M\u00e4dchen)<\/td>\n<\/tr>\n<tr class=\"row-22 even\">\n<td class=\"column-1\">2000<\/td>\n<td class=\"column-2\">Lied 14 (\u00e4lteste Jungen)<\/td>\n<td class=\"column-3\">Die, die gut zu V\u00f6geln sind (\u00e4lteste M\u00e4dchen)<\/td>\n<\/tr>\n<tr class=\"row-23 odd\">\n<td class=\"column-1\">1999<\/td>\n<td class=\"column-2\">\u00d6la Pal\u00f6ma Boys (zweit\u00e4lteste Jungen)<\/td>\n<td class=\"column-3\">Ka(c)ktussen (\u00e4lteste M\u00e4dchen)<\/td>\n<\/tr>\n<tr class=\"row-24 even\">\n<td class=\"column-1\">1998<\/td>\n<td class=\"column-2\">A.L.F. (zweit\u00e4lteste Jungen)<\/td>\n<td class=\"column-3\">No Name (\u00e4lteste M\u00e4dchen)<\/td>\n<\/tr>\n<tr class=\"row-25 odd\">\n<td class=\"column-1\">1997<\/td>\n<td class=\"column-2\">Die Flodders (zweitj\u00fcngste Jungen)<\/td>\n<\/tr>\n<\/tbody>\n<\/table>\n<\/div>\n<p>[\/et_pb_text][et_pb_text _builder_version=&#8220;4.20.4&#8243; _module_preset=&#8220;default&#8220; global_colors_info=&#8220;{}&#8220;]<\/p>\n<table id=\"tablepress-1\" class=\"tablepress tablepress-id-1 dataTable no-footer\">\n<caption><a href=\"https:\/\/cjk-ferienlager.de\/wp-admin\/admin.php?page=tablepress&amp;action=edit&amp;table_id=1\" rel=\"nofollow\">Bearbeiten<\/a><\/caption>\n<\/table>\n<p>[\/et_pb_text][\/et_pb_column][\/et_pb_row][\/et_pb_section][et_pb_section fb_built=&#8220;1&#8243; prev_background_color=&#8220;#ffffff&#8220; _builder_version=&#8220;4.20.4&#8243; _module_preset=&#8220;default&#8220; background_color=&#8220;#f9f9f9&#8243; custom_margin=&#8220;-25px||||false|false&#8220; custom_padding=&#8220;||150px||false|false&#8220; top_divider_style=&#8220;mountains&#8220; global_colors_info=&#8220;{}&#8220;][\/et_pb_section][et_pb_section fb_built=&#8220;1&#8243; disabled_on=&#8220;on|on|off&#8220; _builder_version=&#8220;4.20.4&#8243; _module_preset=&#8220;default&#8220; background_image=&#8220;https:\/\/cjk.nn-digital.de\/wp-content\/uploads\/2023\/04\/Design-ohne-Titel-7.png&#8220; global_colors_info=&#8220;{}&#8220;][et_pb_row column_structure=&#8220;1_3,1_3,1_3&#8243; _builder_version=&#8220;4.20.4&#8243; _module_preset=&#8220;default&#8220; custom_margin_tablet=&#8220;|25px||25px|false|true&#8220; custom_margin_phone=&#8220;|25px||25px|false|true&#8220; custom_margin_last_edited=&#8220;on|phone&#8220; global_colors_info=&#8220;{}&#8220;][et_pb_column type=&#8220;1_3&#8243; _builder_version=&#8220;4.20.4&#8243; _module_preset=&#8220;default&#8220; global_colors_info=&#8220;{}&#8220;][et_pb_image src=&#8220;https:\/\/cjk.nn-digital.de\/wp-content\/uploads\/2023\/04\/Cjk-logo-freigestellt.png&#8220; title_text=&#8220;Cjk logo freigestellt&#8220; _builder_version=&#8220;4.20.4&#8243; _module_preset=&#8220;default&#8220; custom_margin=&#8220;-65px||-64px|-76px|false|false&#8220; custom_margin_tablet=&#8220;-65px||-64px|-76px|false|false&#8220; custom_margin_phone=&#8220;0px||0px|0px|false|false&#8220; custom_margin_last_edited=&#8220;on|phone&#8220; global_colors_info=&#8220;{}&#8220;][\/et_pb_image][et_pb_text _builder_version=&#8220;4.20.4&#8243; _module_preset=&#8220;default&#8220; custom_margin=&#8220;|||10px|false|false&#8220; global_colors_info=&#8220;{}&#8220;]<\/p>\n<p><span style=\"color: #ffffff;\">Christliche Jugend Kranenburg\u00a0<\/span><br \/><span style=\"color: #ffffff;\">Kirchplatz 1<\/span><br \/><span style=\"color: #ffffff;\">47559 Kranenburg<\/span><\/p>\n<p>[\/et_pb_text][et_pb_social_media_follow _builder_version=&#8220;4.20.4&#8243; _module_preset=&#8220;default&#8220; custom_margin_tablet=&#8220;|18px||18px|false|true&#8220; custom_margin_phone=&#8220;|12px||12px|false|true&#8220; custom_margin_last_edited=&#8220;on|phone&#8220; custom_padding=&#8220;|||10px|false|false&#8220; global_colors_info=&#8220;{}&#8220;][et_pb_social_media_follow_network social_network=&#8220;instagram&#8220; url=&#8220;https:\/\/www.instagram.com\/cjk_ferienlager\/&#8220; _builder_version=&#8220;4.20.4&#8243; _module_preset=&#8220;default&#8220; background_color=&#8220;#ea2c59&#8243; global_colors_info=&#8220;{}&#8220; follow_button=&#8220;off&#8220; url_new_window=&#8220;on&#8220;]instagram[\/et_pb_social_media_follow_network][et_pb_social_media_follow_network social_network=&#8220;spotify&#8220; url=&#8220;https:\/\/open.spotify.com\/playlist\/5PvgMcjp0oXwdFdqpGbIfI&#8220; _builder_version=&#8220;4.20.4&#8243; _module_preset=&#8220;default&#8220; background_color=&#8220;#1db954&#8243; global_colors_info=&#8220;{}&#8220; follow_button=&#8220;off&#8220; url_new_window=&#8220;on&#8220;]spotify[\/et_pb_social_media_follow_network][\/et_pb_social_media_follow][\/et_pb_column][et_pb_column type=&#8220;1_3&#8243; _builder_version=&#8220;4.20.4&#8243; _module_preset=&#8220;default&#8220; global_colors_info=&#8220;{}&#8220;][et_pb_text _builder_version=&#8220;4.20.4&#8243; _module_preset=&#8220;default&#8220; custom_padding=&#8220;||1px|||&#8220; global_colors_info=&#8220;{}&#8220;][\/et_pb_text][\/et_pb_column][et_pb_column type=&#8220;1_3&#8243; _builder_version=&#8220;4.20.4&#8243; _module_preset=&#8220;default&#8220; global_colors_info=&#8220;{}&#8220;][et_pb_text _builder_version=&#8220;4.20.4&#8243; _module_preset=&#8220;default&#8220; custom_margin=&#8220;140px|||10px|false|false&#8220; custom_margin_tablet=&#8220;0px|||10px|false|false&#8220; custom_margin_phone=&#8220;0px|||10px|false|false&#8220; custom_margin_last_edited=&#8220;on|phone&#8220; global_colors_info=&#8220;{}&#8220;]<\/p>\n<p><span style=\"color: #ffffff;\"><a href=\"https:\/\/cjk.nn-digital.de\/index.php\/impressum\/\" style=\"color: #ffffff;\">Impressum<\/a><br \/><a href=\"https:\/\/cjk.nn-digital.de\/index.php\/datenschutzerklaerung\/\" style=\"color: #ffffff;\">Datenschutzerkl\u00e4rung<\/a><br \/><a href=\"https:\/\/cjk.nn-digital.de\/index.php\/kontakt\/\" style=\"color: #ffffff;\">Kontakt<\/a><\/span><\/p>\n<p><span style=\"color: #ffffff;\"><\/span><\/p>\n<p>[\/et_pb_text][\/et_pb_column][\/et_pb_row][\/et_pb_section][et_pb_section fb_built=&#8220;1&#8243; disabled_on=&#8220;off|off|on&#8220; _builder_version=&#8220;4.20.4&#8243; _module_preset=&#8220;default&#8220; background_image=&#8220;https:\/\/cjk.nn-digital.de\/wp-content\/uploads\/2023\/04\/Design-ohne-Titel-7.png&#8220; global_colors_info=&#8220;{}&#8220;][et_pb_row _builder_version=&#8220;4.20.4&#8243; _module_preset=&#8220;default&#8220; custom_margin_tablet=&#8220;|25px||25px|false|true&#8220; custom_margin_phone=&#8220;|25px||25px|false|true&#8220; custom_margin_last_edited=&#8220;on|phone&#8220; global_colors_info=&#8220;{}&#8220;][et_pb_column type=&#8220;4_4&#8243; _builder_version=&#8220;4.20.4&#8243; _module_preset=&#8220;default&#8220; global_colors_info=&#8220;{}&#8220;][et_pb_image src=&#8220;https:\/\/cjk.nn-digital.de\/wp-content\/uploads\/2023\/07\/MicrosoftTeams-image-210.png&#8220; title_text=&#8220;MicrosoftTeams-image (210)&#8220; _builder_version=&#8220;4.20.4&#8243; _module_preset=&#8220;default&#8220; transform_origin=&#8220;0%|0%&#8220; max_width=&#8220;43%&#8220; max_width_tablet=&#8220;43%&#8220; max_width_phone=&#8220;85%&#8220; max_width_last_edited=&#8220;on|phone&#8220; custom_margin=&#8220;-65px||-64px|-76px|false|false&#8220; custom_margin_tablet=&#8220;0px||20px|0px|false|false&#8220; custom_margin_phone=&#8220;0px||25px|0px|false|false&#8220; custom_margin_last_edited=&#8220;on|phone&#8220; custom_padding=&#8220;|||0px|false|false&#8220; global_colors_info=&#8220;{}&#8220;][\/et_pb_image][et_pb_text _builder_version=&#8220;4.20.4&#8243; _module_preset=&#8220;default&#8220; custom_margin=&#8220;|||10px|false|false&#8220; global_colors_info=&#8220;{}&#8220;]<\/p>\n<p><span style=\"color: #ffffff;\">Christliche Jugend Kranenburg\u00a0<\/span><br \/><span style=\"color: #ffffff;\">Kirchplatz 1<\/span><br \/><span style=\"color: #ffffff;\">47559 Kranenburg<\/span><\/p>\n<p>[\/et_pb_text][et_pb_social_media_follow _builder_version=&#8220;4.20.4&#8243; _module_preset=&#8220;default&#8220; custom_margin_tablet=&#8220;|10px||10px|false|false&#8220; custom_margin_phone=&#8220;|12px||12px|false|true&#8220; custom_margin_last_edited=&#8220;on|phone&#8220; global_colors_info=&#8220;{}&#8220;][et_pb_social_media_follow_network social_network=&#8220;instagram&#8220; url=&#8220;https:\/\/www.instagram.com\/cjk_ferienlager\/&#8220; _builder_version=&#8220;4.20.4&#8243; _module_preset=&#8220;default&#8220; background_color=&#8220;#ea2c59&#8243; global_colors_info=&#8220;{}&#8220; follow_button=&#8220;off&#8220; url_new_window=&#8220;on&#8220;]instagram[\/et_pb_social_media_follow_network][et_pb_social_media_follow_network social_network=&#8220;spotify&#8220; url=&#8220;https:\/\/open.spotify.com\/playlist\/5PvgMcjp0oXwdFdqpGbIfI&#8220; _builder_version=&#8220;4.20.4&#8243; _module_preset=&#8220;default&#8220; background_color=&#8220;#1db954&#8243; global_colors_info=&#8220;{}&#8220; follow_button=&#8220;off&#8220; url_new_window=&#8220;on&#8220;]spotify[\/et_pb_social_media_follow_network][\/et_pb_social_media_follow][et_pb_text _builder_version=&#8220;4.20.4&#8243; _module_preset=&#8220;default&#8220; custom_margin=&#8220;140px|||10px|false|false&#8220; custom_margin_tablet=&#8220;0px|||10px|false|false&#8220; custom_margin_phone=&#8220;0px|||10px|false|false&#8220; custom_margin_last_edited=&#8220;on|phone&#8220; global_colors_info=&#8220;{}&#8220;]<\/p>\n<p><span style=\"color: #ffffff;\"><a href=\"https:\/\/cjk.nn-digital.de\/index.php\/impressum\/\" style=\"color: #ffffff;\">Impressum<\/a><br \/><a href=\"https:\/\/cjk.nn-digital.de\/index.php\/datenschutzerklaerung\/\" style=\"color: #ffffff;\">Datenschutzerkl\u00e4rung<\/a><br \/><a href=\"https:\/\/cjk.nn-digital.de\/index.php\/kontakt\/\" style=\"color: #ffffff;\">Kontakt<\/a><\/span><\/p>\n<p><span style=\"color: #ffffff;\"><\/span><\/p>\n<p>[\/et_pb_text][\/et_pb_column][\/et_pb_row][\/et_pb_section]<\/p>\n","protected":false},"excerpt":{"rendered":"<p>Erste Pl\u00e4tze der V\u00f6lkerball- und Fu\u00dfballturniere seit 1997. &nbsp; Jahr Fu\u00dfball-Pokal Sieger V\u00f6lkerball-Pokal Siegerinnen 2022 Bikinibottoms Dinner for Seven 2019 Die Kreativlosen(zweit\u00e4lteste Jungen) Fake News(zweit\u00e4lteste M\u00e4dchen) 2018 Bizeps B******(zweit\u00e4lteste Jungen) The Final Countdown(\u00e4lteste M\u00e4dchen) 2017 007 Spectrekul\u00e4r (\u00e4lteste Jungen) Die Tribute von CJK (\u00e4lteste M\u00e4dchen) 2016 Heinrich Potter und die 7 Horkruxe (\u00e4lteste Jungen) Hufflepuffs [&hellip;]<\/p>\n","protected":false},"author":4,"featured_media":0,"parent":0,"menu_order":0,"comment_status":"closed","ping_status":"closed","template":"","meta":{"_et_pb_use_builder":"on","_et_pb_old_content":"","_et_gb_content_width":"","footnotes":""},"class_list":["post-2277","page","type-page","status-publish","hentry"],"_links":{"self":[{"href":"https:\/\/cjk.nn-digital.de\/index.php\/wp-json\/wp\/v2\/pages\/2277","targetHints":{"allow":["GET"]}}],"collection":[{"href":"https:\/\/cjk.nn-digital.de\/index.php\/wp-json\/wp\/v2\/pages"}],"about":[{"href":"https:\/\/cjk.nn-digital.de\/index.php\/wp-json\/wp\/v2\/types\/page"}],"author":[{"embeddable":true,"href":"https:\/\/cjk.nn-digital.de\/index.php\/wp-json\/wp\/v2\/users\/4"}],"replies":[{"embeddable":true,"href":"https:\/\/cjk.nn-digital.de\/index.php\/wp-json\/wp\/v2\/comments?post=2277"}],"version-history":[{"count":5,"href":"https:\/\/cjk.nn-digital.de\/index.php\/wp-json\/wp\/v2\/pages\/2277\/revisions"}],"predecessor-version":[{"id":2310,"href":"https:\/\/cjk.nn-digital.de\/index.php\/wp-json\/wp\/v2\/pages\/2277\/revisions\/2310"}],"wp:attachment":[{"href":"https:\/\/cjk.nn-digital.de\/index.php\/wp-json\/wp\/v2\/media?parent=2277"}],"curies":[{"name":"wp","href":"https:\/\/api.w.org\/{rel}","templated":true}]}}